the highest common factor of v and 27.
3
Let t(l) = 8*l**2 - 31*l - 21. Let x be t(8). What is the highest common divisor of x and 810?
81
Let a be (-2 - 57/(-15))*1300/60. Calculate the greatest common divisor of 1521 and a.
39
Let b(i) = -5*i + 217. Let m be b(32). What is the highest common factor of 3 and m?
3
Let p = -695 - -761. Calculate the greatest common divisor of p and 132.
66
Let v(d) = 4*d - 19. Let p be v(6). Suppose 2*g = -2*g - 20, -2*g = -p*u + 105. Calculate the highest common factor of 19 and u.
19
Let q(u) = 2*u**2 - 8*u - 5. Let y be q(7). What is the greatest common divisor of y and 407?
37
Let m = -37 - -20. Let o = m + 35. Calculate the highest common divisor of 45 and o.
9
Let x(r) = r**2 + 27*r + 53. Let w be x(-25). What is the greatest common divisor of w and 27?
3
Let a be 737/7 - (-8 - 406/(-49)). Calculate the greatest common factor of a and 30.
15
Let o(g) = -53*g - 5*g**3 + g**2 + 53*g. Let v be o(-3). Suppose 3*y - 33 = c + 4*c, -79 = -4*y - 5*c. What is the greatest common divisor of v and y?
16
Let n(f) = -f + 7. Let q be n(5). Suppose -4*m - 5*v + v = -32, 2*m - q = 5*v. Suppose 0*u = u - m. What is the highest common factor of 36 and u?
6
Let n be (-2)/(-8) + (-211)/(-4)*9. Calculate the greatest common factor of 19 and n.
19
Suppose 9*q - 48 = -2*y + 8*q, 2*y + 2*q = 52. Calculate the highest common factor of 352 and y.
22
Let d(y) = -11*y**3 - 2*y - 3*y - 7 + 10*y**3 - 6*y**2. Let a be d(-6). What is the greatest common factor of a and 161?
23
Suppose -2*g + 22 = -v, 5*g - v - 70 = -12. Let k = 81 + -21. Calculate the highest common factor of g and k.
12
Let s(v) = 10*v - 6. Let c be s(-3). Let z = c - -61. Let i be 200/(-6)*9/(-6). What is the greatest common factor of z and i?
25
Suppose 3*g = -2*u - 3 + 101, 2*u = 2. Calculate the greatest common divisor of g and 128.
32
Let d be (1/(-2))/((-15)/13230). What is the greatest common factor of 9 and d?
9
Let j(w) = 5*w**2 + 87*w + 42. Let k be j(-25). What is the greatest common divisor of k and 31?
31
Let j = 375 - 223. Calculate the greatest common divisor of j and 32.
8
Let r = -298 + 304. Calculate the greatest common factor of r and 114.
6
Suppose 4*z = f + 182, -5*f - 2*z + 982 = -10*f. Let h be f/(-15) - (-1)/(-5). Let r be 728/(-70)*(-1 - 4). Calculate the highest common factor of r and h.
13
Let g(k) be the first derivative of 2*k**2 + 4*k + 2. Let l be g(-4). Let r be (-126)/l*4/6. Calculate the highest common factor of 63 and r.
7
Suppose i - 1 = 1. Let w be 10/((-16)/(-7) - (-8)/(-28)). Calculate the highest common factor of i and w.
1
Let x(d) = d + 34. Let g(f) = -2*f - 7. Let c be g(-6). Let b be x(c). What is the highest common divisor of b and 429?
39
Let m(c) be the second derivative of 5*c**3/2 - 2*c**2 + 3*c. Let d be m(4). Let j be 57/4 + (-2)/8. Calculate the highest common factor of j and d.
14
Let v = 94 - 14. Suppose -5*k - 220 = -8*k + u, -u = 4. Let i = -40 + k. Calculate the highest common divisor of i and v.
16
Let v(o) = o**3 - 8*o**2 + 23*o + 19. Let g be v(6). Calculate the greatest common factor of g and 17.
17
Let l = 271 + -160. Suppose 113 = 4*o - 5*x, 4*x = -3*o - 3 + l. What is the highest common factor of 16 and o?
16
Let m be 9/(3/1) + -2. Let h(t) = 19*t**3 - t**2 + t + 1. Let l be h(m). What is the greatest common divisor of l and 20?
20
Let h be -114*(13/(-3) + 4). Let c = 30 - -65. Calculate the highest common divisor of c and h.
19
Let k = 3 + 9. Let y be 7*((-164)/(-28) - -1). What is the greatest common divisor of k and y?
12
Suppose -3*l + 0*j + 5*j = -83, -3*l + 76 = 2*j. Suppose 1588 + 2529 = 124*h + 893. What is the highest common factor of h and l?
26
Suppose -m - 148 = -2*m + u, 0 = -3*m - u + 444. Let q(a) = 10*a - 3. Let h be q(4). Calculate the greatest common factor of m and h.
37
Suppose -8*t = -341 - 491. Calculate the highest common factor of 156 and t.
52
Suppose -26180 = 80*j - 102*j. Calculate the highest common factor of j and 210.
70
Suppose 2484 = 2*f + 10*f. Let i be (-46)/6*-1*(-5 - -8). What is the highest common factor of i and f?
23
Let p be 4/(-5) - (3 - 4164/30). Suppose -4*k + 5*o + 85 = 0, -4*k + 2*k + 35 = -o. Calculate the greatest common factor of k and p.
15
Suppose 32*k - 15909 - 26907 = 0. What is the highest common factor of 6 and k?
6
Suppose -k - 52 = -5*k. Let m be (-11)/(-9) - 4/18. Let i be 8*18 + m*-1. Calculate the greatest common divisor of i and k.
13
Let z = -152 + 206. What is the greatest common divisor of z and 2?
2
Suppose -6*f + 28 = -44. Calculate the highest common factor of 20 and f.
4
Suppose -234 = -3*c - k, -3*c = 5*k - 53 - 181. Calculate the greatest common divisor of 78 and c.
78
Let b(h) = -3*h + 24. Let l be b(5). Suppose -n = -2*j - 0*n + l, -j - 3*n = -15. What is the greatest common divisor of 30 and j?
6
Let l be 10 - (0 - -3)/3. Suppose 6*t - 20 = 2*t, -16 = -4*v + 4*t. Let g = v - -18. Calculate the highest common factor of g and l.
9
Suppose 71 = 5*h - 29. Let z(a) = a**2 + a. Let n be z(1). Let c = 48 + n. Calculate the greatest common factor of h and c.
10
Let i(a) = -2*a + 0*a - 937 + 954. Let v be i(8). Suppose -4*t + 3*k = 2*k - 42, 0 = t - 4*k - 3. Calculate the highest common divisor of t and v.
1
Let y = 503 + -498. Calculate the greatest common divisor of 25 and y.
5
Suppose -2*g + 1 = 3*u, 5*g = 2*g + 4*u + 10. Suppose 70 = 3*r + y, -g*y = -3*r + y + 78. Calculate the greatest common factor of r and 6.
6
Suppose 3*p = 3*n - 291, 5*n + 0*p - 450 = -2*p. Let g(t) = -17*t + 210. Let b be g(11). Calculate the greatest common factor of n and b.
23
Suppose 0*m + 601 = 4*r + m, -3*m - 160 = -r. Suppose -4*s + 3*s = 5*k - 374, -s - r = -2*k. What is the highest common divisor of k and 25?
25
Suppose 75 = 26*p - 21*p. Suppose 23*l - 48 = p*l. Calculate the highest common divisor of l and 3.
3
Let o(w) = -55*w + 1. Let x be o(-1). Let j = -732 + 872. What is the greatest common divisor of j and x?
28
Let s be 16*63/18 - -8. What is the greatest common factor of s and 112?
16
Suppose -14*t - 387 + 1087 = 0. What is the highest common factor of 175 and t?
25
Suppose -2*t = -4*t - 42. Let j be (1/3)/(-1 - 22/t). What is the highest common factor of j and 49?
7
Suppose -3*t - 1088 = -4*u, -4*t + 261 + 555 = 3*u. What is the highest common divisor of u and 17?
17
Let s(n) = -2*n**2 - n - 2*n + 3 + 0*n + 4*n**2. Let l be s(2). Let o be l/(-20) - (-25)/4. What is the highest common factor of o and 18?
6
Suppose 0 = 8*k - 1987 - 3861. Calculate the greatest common divisor of k and 17.
17
Let r(j) be the first derivative of j**4/4 + 5*j**3/3 + 2*j**2 + 6*j + 7. Let u be r(-4). Calculate the greatest common factor of 6 and u.
6
Suppose -5*x + x + 54 = -2*b, -5*b + 8 = x. Let y = 1 + x. Suppose -4*g - 5*r + 268 = 69, 5*g = -5*r + 255. What is the highest common divisor of y and g?
14
Let f(w) = -2*w**3 - w**2 + 2*w + 1. Let c be f(-6). Let k(l) = -64*l + 3619. Let a be k(56). What is the greatest common divisor of a and c?
35
Let j(l) = 16 + l**3 - 12 + 6*l**2 - 18 - 9*l. Let d be j(-7). Suppose 12 = z - d. Calculate the highest common divisor of z and 12.
12
Let y(q) = 2*q**2 + 18*q + 36. Let w be y(-16). Calculate the greatest common divisor of w and 20.
20
Suppose 0*l - 10 = -5*l. Let a(v) = l*v - 2*v**2 - 9*v + v**2. Let j be a(-6). Calculate the greatest common divisor of 2 and j.
2
Let o be -2 + 4*(-1)/2. Let j = 14 - o. Let y = 27 + -9. Calculate the greatest common divisor of y and j.
18
Suppose 3*z - 34 = 2*z - w, 3*z - 126 = 5*w. Calculate the greatest common factor of 37 and z.
37
Let n = 9 - 20. Let x = -7 - n. Suppose -47 + 8 = -3*u + 3*t, 2*u - 8 = -x*t. What is the greatest common divisor of u and 70?
10
Let o(w) = -2*w**3 - 13*w**2 - 15*w - 27. Let b be o(-8). Calculate the highest common divisor of b and 45.
15
Let c be 3/((-27)/(-470)) - (-6)/(-27). Let m be 38/4 - 26/c. Calculate the highest common factor of m and 3.
3
Let h be -2*(5 + -4) + 23. Let t(u) = -10 - 8 - 5*u + h. Let c be t(-3). Calculate the highest common divisor of c and 6.
6
Let t be ((-9)/(-6))/(4/8). Let i(b) = -3*b - 9 + t + 2*b. Let s be i(-14). What is the highest common factor of 24 and s?
8
Let i = -4 + 6. Let x = 1 + i. Let o = 212 - 203. Calculate the g